-3)/(-75) - (-25)/(2125/3213).
36
Suppose 0 = -3*i + 3 + 9. Let o be i/((-32)/20)*2. Let z = 16 + o. What is the remainder when 76 is divided by z?
10
Suppose -187*q + 54*q - 696 = -2824. What is the remainder when (63/2)/(-1)*-2 is divided by q?
15
Suppose 136559 + 100561 = 80*d. What is the remainder when d is divided by 43?
40
Suppose 0 = 4*h - 3*h - 407. Let q = -297554 + 297622. Calculate the remainder when h is divided by q.
67
Let k(b) = -b**3 - 2*b**2 + 7*b. Let m be k(-5). Let f = m + -38. Suppose -5*a + 113 = 5*j - 7, f*j = 2*a - 64. Calculate the remainder when a is divided by 8.
4
Let s(w) = -6*w**3 + w**2 - 4*w + 3. What is the remainder when s(-4) is divided by (120 + 0)*1/2?
59
Let l(a) = 14*a + 644. Calculate the remainder when l(-16) is divided by 40.
20
Suppose -6*o - 36 + 0 = 0. Let h be -2 - -4 - o/(-3 - -1). Calculate the remainder when (9 - 11) + 86 + h is divided by 18.
11
Suppose b + 6 = 3*b. Suppose -b*s - 490 = -6*s - w, -4*s - 3*w + 655 = 0. Calculate the remainder when s is divided by 43.
34
Let i(o) = -o**3 - 28*o**2 - 137*o - 233. What is the remainder when i(-25) is divided by 167?
148
Let m(z) = 4*z**2 - 110*z + 1180. Calculate the remainder when m(50) is divided by 6.
4
Suppose -4*m + 136 = 4*u, 7*u - 77 = 4*u + 2*m. Let c = u + -40. Let o = 29 + c. Calculate the remainder when o is divided by 7.
4
Let h(a) = -6*a - 25. Let r be (7 - 36/3) + -7. What is the remainder when 53 is divided by h(r)?
6
Suppose -3*m + 8 = -u, -6*m + 3*m - 5*u = 4. Suppose -5*g = -m*a + 62, 7*a - 172 = 3*a - 2*g. What is the remainder when a is divided by 12?
5
Suppose 249 = 5*k + 1039. Let d = -121 - k. Calculate the remainder when d is divided by 28.
9
Let u(a) = a**2 - 12. Suppose v + 20 = -5*d - 3*v, v = d - 5. Let i be u(d). What is the remainder when -26*15/i*2 is divided by 33?
32
Suppose -6943 = -56*x + 1007 + 10082. What is the remainder when 661 is divided by x?
17
Suppose -8*o - 4 = 4. Let g be (101 - -2) + (o - 3). Suppose -u = 5*c - 55, -2*c = -2*u - c + g. What is the remainder when u is divided by 17?
16
Let j be (1 - -3 - 0)*3/(-4). Calculate the remainder when 17 is divided by (-2 + -1)*(j - (3 - 5)).
2
Let x = -273 - -384. Let o be (4/(-1))/(x/(-36) - -3). Suppose 2*w + 29 = 4*m + 5*w, 3*m = 3*w + o. Calculate the remainder when m is divided by 2.
1
Let z(h) = -h**3 + 26*h**2 + 2968*h + 56. What is the remainder when 337 is divided by z(-43)?
12
Let a(f) = -f**3 + 24*f**2 - 109*f + 10. What is the remainder when a(6) is divided by 2?
0
Let p = 290 - 266. Calculate the remainder when ((-1)/4 + (-2)/p)*-597 is divided by 68.
63
Let n = -876 - -389. Let f = 501 + n. Calculate the remainder when 25 is divided by f.
11
Suppose -y + z = -6, y = z - 3*z + 21. Suppose -2 + y = b. Suppose 15 = b*v - 21. What is the remainder when 15 is divided by v?
3
Suppose 28*q = 70 + 98. Calculate the remainder when 307 is divided by (-11 + 77)*4/q.
43
Suppose 4*a + 24 = 40. Suppose q - a = i, -2 - 13 = -3*i. What is the remainder when q is divided by 6?
3
Suppose 0 = -45*m + 44*m - 3*j + 44, 103 = 2*m + j. What is the remainder when 370 is divided by m?
52
Let k = -35 + 40. Suppose -k*g - 15 = p, 29 + 12 = 5*p - 4*g. Suppose p*w - 158 = 177. Calculate the remainder when w is divided by 18.
13
Suppose 5*u - 2*n - 12 = 0, 2*u + 0*u = -n + 3. Let b(t) = 0*t**2 - t**u - 13*t + 10 + 0*t**2 - 24. What is the remainder when 38 is divided by b(-8)?
12
Suppose 29*w + 2103 - 12670 = 1671. Calculate the remainder when w is divided by 205.
12
Let b be 1 + -3 - -3 - -70. Let t = b - 32. Let g(j) = j**3 + 23*j**2 - 23*j + 45. Calculate the remainder when t is divided by g(-24).
18
Suppose 3*g - 88 - 140 = 0. Let l = g + -53. Suppose k = l - 1. What is the remainder when k is divided by 8?
6
Let g = 1049 - 1021. What is the remainder when 65 is divided by g?
9
Let y = -3522 - -3554. Let b be 8/14*(-35)/(-10). Calculate the remainder when y is divided by 6 + 1 + b/1.
5
Suppose 0 = 8*p + 5*h - 262, -h = -311 + 305. What is the remainder when 71 is divided by p?
13
Let t be (-6 + 3 + 68)*(4 - 3). Suppose -t = 65*k - 70*k. What is the remainder when 14 is divided by k?
1
Suppose -4*r - 60 = -z, -2*z + 82 = -r + 4. Calculate the remainder when 1360 is divided by z.
28
Let i(b) = b**3 - 28*b**2 + 14*b + 389. What is the remainder when 134 is divided by i(27)?
20
Suppose 5885 = 5*f + 171*x - 166*x, -2*x = -f + 1192. What is the remainder when f is divided by 36?
30
Suppose -3*a + 75 + 4458 = -4*o, 4*o + 12 = 0. What is the remainder when a is divided by 12?
7
Let z(n) = -n**3 - 5*n**2 + 8*n + 21. Let a = 6 - 13. Calculate the remainder when z(a) is divided by 13.
11
Let q be (4 - -6)*(-11)/(-22). Suppose y = 5*r + 306, -4*r = -q*y - 2*r + 1553. Calculate the remainder when y is divided by 39.
38
Let t = -7193 - -7291. Calculate the remainder when 374 is divided by t.
80
Let g = -11 - -28. Suppose -3*v - 299 + g = 0. Let z = v - -175. Calculate the remainder when z is divided by 42.
39
Let a = 100 + -137. Let w = a - -73. What is the remainder when 142 is divided by w?
34
Suppose 11668*j = 11657*j + 1793. What is the remainder when 594 is divided by j?
105
Suppose -2*p - q - 14 = 2*q, -16 = 5*p - 2*q. Let z = p + 10. Let m = -5390 + 5417. Calculate the remainder when m is divided by z.
3
Let m(n) = 3*n**2 - 2*n - 14. Let h(q) = 7*q**2 - 4*q - 29. Let r(b) = -2*h(b) + 5*m(b). Calculate the remainder when 9 is divided by r(5).
0
Suppose -20*r - 36 = -22*r. Calculate the remainder when 65 is divided by r.
11
Suppose 61*a + 155 = 65*a - v, -v = -5. Calculate the remainder when 797 is divided by a.
37
Suppose -7 = l - 0*l + 2*r, -4*l - 4*r = 32. What is the remainder when 20 is divided by (-10 - l) + (4 - -2)?
0
Let h be 1 + (-1 - -2 - -269). Suppose -v + 5*w = -151, 0 = 12*v - 17*v - w + 885. Let d = h - v. What is the remainder when d is divided by 24?
23
Let g = -439 + 347. Let k = g + 178. Calculate the remainder when 263 is divided by k.
5
Let w be (3/6*0/(-1))/(-2). Suppose -2*t + 109 - 109 = w. Suppose -3*z + 77 - 8 = t. Calculate the remainder when 41 is divided by z.
18
Let w(k) = 66*k**2 - 59*k + 35. What is the remainder when w(2) is divided by 158?
23
Let n(l) = -l**2 + 28*l - 71. Suppose 47 = -6*q + 149. Calculate the remainder when n(19) is divided by q.
15
Suppose 0 = 4*z + 5*c - 223, -5*c - 39 = -14. Let i = 34 + -23. Calculate the remainder when 11/33 + z/3 is divided by i.
10
Suppose 6 = -2*j + 500. Calculate the remainder when j is divided by (-207 + 1 + -11)*6/(-21).
61
Let b(z) = 6*z - 144. Let y be b(14). Let t = 8 + -9. What is the remainder when 89 is divided by 122/5 + t - (-24)/y?
20
Let r(g) = 10*g**2 - 34*g - 3. Suppose 0 = -5*l, 34 = 2*a + 2*l + 24. Calculate the remainder when r(a) is divided by 10.
7
Suppose -4*y + 4*c = -148, y - 11 = 3*c + 34. Let u(o) = 86*o**2 + 2235*o + 55. Calculate the remainder when u(-26) is divided by y.
15
Suppose -2*n + 25 + 3 = -4*l, -4*n = 3*l + 32. Let h(v) = -v**3 - 6*v**2 - v - 4. Let k be h(-6). What is the remainder when 78/k + l/2 is divided by 19?
16
Let v = -419 + 471. What is the remainder when 181 is divided by v?
25
Let g = -1524 - -1635. Calculate the remainder when g is divided by 72.
39
Suppose -18*l = 4*l. Suppose 20*d - 1260 = -l*d. Suppose 3*b - 38 - 64 = 0. What is the remainder when d is divided by b?
29
Let t(w) = 135*w + 3157. Calculate the remainder when t(-14) is divided by 63.
7
Suppose 6 + 7 = u. Let i be -1*(-1 + 1)/(-12 + u). Suppose 4*y + 3*p - 299 = -i*y, 0 = -2*y - 2*p + 148. What is the remainder when y is divided by 27?
23
Suppose -3*x + 5*x - 4 = 2*d, -x + 27 = 4*d. What is the remainder when 418/19 + (2*(4 + -6) - 4) is divided by 1*(x - 2)*1?
4
Suppose -2*p = b - 1411, -2*b + 2766 = -45*p + 42*p. What is the remainder when b is divided by 21?
9
Let z(o) = -4*o**2 + 78*o + 145. What is the remainder when 273 is divided by z(19)?
90
Suppose -19 = -2*m + 23. Suppose 2*r - 218 = -115*i + 119*i, -i = r - 94. What is the remainder when r is divided by m?
15
Calculate the remainder when 30 is divided by (68/(-136))/(-1*(-3)/(-84)).
2
Let i(a) = a**2 + 427*a + 4400. What is the remainder when i(-10) is divided by 32?
6
Let l be 24 + 6 + 20/(-5). Let t = l - 17. Suppose 18 =